{"id":1528,"date":"2018-11-22T18:37:11","date_gmt":"2018-11-22T18:37:11","guid":{"rendered":"http:\/\/prueba.asociacioncomerciantesdepetrer.es\/?page_id=1528"},"modified":"2018-11-22T18:37:11","modified_gmt":"2018-11-22T18:37:11","slug":"mallebrera-clinica-dental","status":"publish","type":"page","link":"https:\/\/asociacioncomerciantesdepetrer.es\/index.php\/mallebrera-clinica-dental\/","title":{"rendered":"Mallebrera Cl\u00ednica Dental"},"content":{"rendered":"<p style=\"text-align: center;\"><img loading=\"lazy\" decoding=\"async\" class=\" size-full wp-image-1525\" src=\"http:\/\/asociacioncomerciantesdepetrer.es\/wp-content\/uploads\/2018\/11\/clinica-mallebrera-logo.jpg\" border=\"0\" alt=\"\" width=\"480\" height=\"480\" \/><\/p>\n<p style=\"text-align: center;\"><img loading=\"lazy\" decoding=\"async\" class=\" size-full wp-image-1526\" src=\"http:\/\/asociacioncomerciantesdepetrer.es\/wp-content\/uploads\/2018\/11\/clinca-mallebrera-1.jpg\" border=\"0\" alt=\"\" width=\"1052\" height=\"362\" \/><\/p>\n<p style=\"text-align: center;\"><img loading=\"lazy\" decoding=\"async\" class=\" size-full wp-image-1527\" src=\"http:\/\/asociacioncomerciantesdepetrer.es\/wp-content\/uploads\/2018\/11\/clinica-mallebrera-2.jpg\" border=\"0\" alt=\"\" width=\"1350\" height=\"498\" \/><\/p>\n<p style=\"text-align: center;\">\u00a0<\/p>\n<p class=\"MsoNormal\" style=\"text-align: center;\"><strong><span style=\"font-size: 14.5pt; line-height: 115%; font-family: 'Times New Roman','serif';\">\u00a0<\/span><\/strong><\/p>\n<p class=\"MsoNormal\" style=\"text-align: center;\"><strong><span style=\"font-size: 14.5pt; line-height: 115%; font-family: 'Times New Roman','serif';\">ESPECIALIDADES<\/span><\/strong><\/p>\n<p class=\"MsoNormal\" style=\"text-align: center;\"><span style=\"font-size: 14.5pt; line-height: 115%; font-family: 'Times New Roman','serif';\"> Sin Asteriscos &#8211; Implantes &#8211; Est\u00e9tica Dental &#8211; Blanqueamiento &#8211; Higiene Bucodental &#8211; Radiolog\u00eda Digital &#8211; Migra\u00f1as y Dolor &#8211; Orofacial &#8211; Ortodoncia<\/span><\/p>\n<p class=\"MsoNormal\" style=\"text-align: center;\">\u00a0<\/p>\n<p class=\"MsoNormal\" style=\"text-align: center;\"><span style=\"font-size: 14.5pt; line-height: 115%; font-family: 'Times New Roman','serif';\">Puedes encontranos en C\/D\u00e1maso Navarro n\u00ba8 (Petrer, Alicante)<\/span><\/p>\n<p class=\"MsoNormal\" style=\"text-align: center;\"><span style=\"font-size: 14.5pt; line-height: 115%; font-family: 'Times New Roman','serif';\">Tlf: 965 81 21 85-<\/span><span style=\"font-size: 14.5pt; line-height: 115%; font-family: 'Times New Roman','serif';\"><a class=\"  bold\" href=\"tel:965 81 21 85\" style=\"font-size: 24px;\"> <\/a> <span style=\"text-decoration: underline;\"><a href=\"https:\/\/www.clinicamallebrera.com\/\">Web <\/a><\/span>&#8211; <span style=\"text-decoration: underline;\"><a href=\"https:\/\/www.facebook.com\/clinicamallebrera\">Facebook<\/a><\/span><\/span><\/p>\n<p>\u00a0<\/p>\n","protected":false},"excerpt":{"rendered":"<p>\u00a0 \u00a0 ESPECIALIDADES Sin Asteriscos &#8211; Implantes &#8211; Est\u00e9tica Dental &#8211; Blanqueamiento &#8211; Higiene Bucodental &#8211; Radiolog\u00eda Digital &#8211; Migra\u00f1as y Dolor &#8211; Orofacial &#8211; Ortodoncia \u00a0 Puedes encontranos en C\/D\u00e1maso Navarro n\u00ba8 (Petrer, Alicante) Tlf: 965 81 21 85- Web &#8211; Facebook \u00a0<\/p>\n","protected":false},"author":2,"featured_media":1525,"parent":0,"menu_order":10,"comment_status":"closed","ping_status":"closed","template":"","meta":{"footnotes":""},"class_list":["post-1528","page","type-page","status-publish","has-post-thumbnail","czr-hentry"],"_links":{"self":[{"href":"https:\/\/asociacioncomerciantesdepetrer.es\/index.php\/wp-json\/wp\/v2\/pages\/1528","targetHints":{"allow":["GET"]}}],"collection":[{"href":"https:\/\/asociacioncomerciantesdepetrer.es\/index.php\/wp-json\/wp\/v2\/pages"}],"about":[{"href":"https:\/\/asociacioncomerciantesdepetrer.es\/index.php\/wp-json\/wp\/v2\/types\/page"}],"author":[{"embeddable":true,"href":"https:\/\/asociacioncomerciantesdepetrer.es\/index.php\/wp-json\/wp\/v2\/users\/2"}],"replies":[{"embeddable":true,"href":"https:\/\/asociacioncomerciantesdepetrer.es\/index.php\/wp-json\/wp\/v2\/comments?post=1528"}],"version-history":[{"count":0,"href":"https:\/\/asociacioncomerciantesdepetrer.es\/index.php\/wp-json\/wp\/v2\/pages\/1528\/revisions"}],"wp:featuredmedia":[{"embeddable":true,"href":"https:\/\/asociacioncomerciantesdepetrer.es\/index.php\/wp-json\/"}],"wp:attachment":[{"href":"https:\/\/asociacioncomerciantesdepetrer.es\/index.php\/wp-json\/wp\/v2\/media?parent=1528"}],"curies":[{"name":"wp","href":"https:\/\/api.w.org\/{rel}","templated":true}]}}