{"id":3163,"date":"2019-03-04T13:10:51","date_gmt":"2019-03-04T13:10:51","guid":{"rendered":"http:\/\/asociacioncomerciantesdepetrer.es\/?page_id=3163"},"modified":"2019-03-04T13:10:52","modified_gmt":"2019-03-04T13:10:52","slug":"j-g-ramirez-encurtidos-y-aceitunas","status":"publish","type":"page","link":"https:\/\/asociacioncomerciantesdepetrer.es\/index.php\/j-g-ramirez-encurtidos-y-aceitunas\/","title":{"rendered":"J. G. Ram\u00edrez &#8211; Encurtidos y aceitunas"},"content":{"rendered":"<p><img loading=\"lazy\" decoding=\"async\" class=\"alignnone size-full wp-image-3166\" src=\"http:\/\/asociacioncomerciantesdepetrer.es\/wp-content\/uploads\/2019\/03\/jg-ramirez-43.jpg\" alt=\"\" width=\"960\" height=\"640\" srcset=\"https:\/\/asociacioncomerciantesdepetrer.es\/wp-content\/uploads\/2019\/03\/jg-ramirez-43.jpg 960w, https:\/\/asociacioncomerciantesdepetrer.es\/wp-content\/uploads\/2019\/03\/jg-ramirez-43-300x200.jpg 300w, https:\/\/asociacioncomerciantesdepetrer.es\/wp-content\/uploads\/2019\/03\/jg-ramirez-43-768x512.jpg 768w\" sizes=\"auto, (max-width: 960px) 100vw, 960px\" \/><\/p>\n<p><strong>Tradici\u00f3n y artesan\u00eda:<\/strong><\/p>\n<p>El g\u00e9nero est\u00e1 elaborado artesanalmente, siguiendo la costumbre artesanal, con agua, sal, hinojo, tomillo y otras especias. Hay aceitunas partidas caseras, cebollas en vinagre, de ajo, pepinillos, anchoas\u2026Una amplia variedad de todo lo que se consume en la provincia.<\/p>\n<p><img loading=\"lazy\" decoding=\"async\" class=\"alignnone size-full wp-image-3164\" src=\"http:\/\/asociacioncomerciantesdepetrer.es\/wp-content\/uploads\/2019\/03\/jg-ramirez-1.jpg\" alt=\"\" width=\"960\" height=\"720\" srcset=\"https:\/\/asociacioncomerciantesdepetrer.es\/wp-content\/uploads\/2019\/03\/jg-ramirez-1.jpg 960w, https:\/\/asociacioncomerciantesdepetrer.es\/wp-content\/uploads\/2019\/03\/jg-ramirez-1-300x225.jpg 300w, https:\/\/asociacioncomerciantesdepetrer.es\/wp-content\/uploads\/2019\/03\/jg-ramirez-1-768x576.jpg 768w\" sizes=\"auto, (max-width: 960px) 100vw, 960px\" \/><\/p>\n<p style=\"text-align: center;\"><strong>Estamos en C\/Alcaide Juan Pay\u00e1, 12A &#8211; Petrer (Alicante) &#8211; Tlf: 609 76 97 68 &#8211; <a href=\"https:\/\/www.facebook.com\/jg.ramirez.75\">Facebook<\/a><\/strong><\/p>\n<p style=\"text-align: center;\">Si bien hemos cambiado de lugar, seguimos con la misma filosof\u00eda:<\/p>\n<p style=\"text-align: center;\"><iframe loading=\"lazy\" src=\"https:\/\/www.youtube.com\/embed\/Mp_Pmt7QRwk\" width=\"560\" height=\"315\" frameborder=\"0\" allowfullscreen=\"allowfullscreen\"><\/iframe><\/p>\n","protected":false},"excerpt":{"rendered":"<p>Tradici\u00f3n y artesan\u00eda: El g\u00e9nero est\u00e1 elaborado artesanalmente, siguiendo la costumbre artesanal, con agua, sal, hinojo, tomillo y otras especias. Hay aceitunas partidas caseras, cebollas en vinagre, de ajo, pepinillos, anchoas\u2026Una amplia variedad de todo lo que se consume en la provincia. Estamos en C\/Alcaide Juan Pay\u00e1, 12A &#8211; Petrer (Alicante) &#8211; Tlf: 609 76 [&hellip;]<\/p>\n","protected":false},"author":2,"featured_media":3164,"parent":0,"menu_order":0,"comment_status":"closed","ping_status":"closed","template":"","meta":{"footnotes":""},"class_list":["post-3163","page","type-page","status-publish","has-post-thumbnail","czr-hentry"],"_links":{"self":[{"href":"https:\/\/asociacioncomerciantesdepetrer.es\/index.php\/wp-json\/wp\/v2\/pages\/3163","targetHints":{"allow":["GET"]}}],"collection":[{"href":"https:\/\/asociacioncomerciantesdepetrer.es\/index.php\/wp-json\/wp\/v2\/pages"}],"about":[{"href":"https:\/\/asociacioncomerciantesdepetrer.es\/index.php\/wp-json\/wp\/v2\/types\/page"}],"author":[{"embeddable":true,"href":"https:\/\/asociacioncomerciantesdepetrer.es\/index.php\/wp-json\/wp\/v2\/users\/2"}],"replies":[{"embeddable":true,"href":"https:\/\/asociacioncomerciantesdepetrer.es\/index.php\/wp-json\/wp\/v2\/comments?post=3163"}],"version-history":[{"count":1,"href":"https:\/\/asociacioncomerciantesdepetrer.es\/index.php\/wp-json\/wp\/v2\/pages\/3163\/revisions"}],"predecessor-version":[{"id":3187,"href":"https:\/\/asociacioncomerciantesdepetrer.es\/index.php\/wp-json\/wp\/v2\/pages\/3163\/revisions\/3187"}],"wp:featuredmedia":[{"embeddable":true,"href":"https:\/\/asociacioncomerciantesdepetrer.es\/index.php\/wp-json\/wp\/v2\/media\/3164"}],"wp:attachment":[{"href":"https:\/\/asociacioncomerciantesdepetrer.es\/index.php\/wp-json\/wp\/v2\/media?parent=3163"}],"curies":[{"name":"wp","href":"https:\/\/api.w.org\/{rel}","templated":true}]}}