{"id":3311,"date":"2019-11-10T18:19:32","date_gmt":"2019-11-10T18:19:32","guid":{"rendered":"http:\/\/asociacioncomerciantesdepetrer.es\/?page_id=3311"},"modified":"2019-11-10T18:50:00","modified_gmt":"2019-11-10T18:50:00","slug":"elite-autoescuela","status":"publish","type":"page","link":"https:\/\/asociacioncomerciantesdepetrer.es\/index.php\/elite-autoescuela\/","title":{"rendered":"\u00c9lite Autoescuela"},"content":{"rendered":"<h2><img loading=\"lazy\" decoding=\"async\" class=\"size-full wp-image-3250 aligncenter\" src=\"http:\/\/asociacioncomerciantesdepetrer.es\/wp-content\/uploads\/2019\/11\/elite-autoescuela-petrer.jpg\" alt=\"\" width=\"799\" height=\"294\" srcset=\"https:\/\/asociacioncomerciantesdepetrer.es\/wp-content\/uploads\/2019\/11\/elite-autoescuela-petrer.jpg 799w, https:\/\/asociacioncomerciantesdepetrer.es\/wp-content\/uploads\/2019\/11\/elite-autoescuela-petrer-300x110.jpg 300w, https:\/\/asociacioncomerciantesdepetrer.es\/wp-content\/uploads\/2019\/11\/elite-autoescuela-petrer-768x283.jpg 768w\" sizes=\"auto, (max-width: 799px) 100vw, 799px\" \/><\/h2>\n<h2 style=\"text-align: center;\">Centro de formaci\u00f3n vial<\/h2>\n<h2 style=\"text-align: center;\">Todos los carnets<\/h2>\n<p style=\"text-align: center;\"><img loading=\"lazy\" decoding=\"async\" class=\"alignnone size-full wp-image-3252\" src=\"http:\/\/asociacioncomerciantesdepetrer.es\/wp-content\/uploads\/2019\/11\/elite-autoescuela-petrer-4.jpg\" alt=\"\" width=\"960\" height=\"960\" srcset=\"https:\/\/asociacioncomerciantesdepetrer.es\/wp-content\/uploads\/2019\/11\/elite-autoescuela-petrer-4.jpg 960w, https:\/\/asociacioncomerciantesdepetrer.es\/wp-content\/uploads\/2019\/11\/elite-autoescuela-petrer-4-150x150.jpg 150w, https:\/\/asociacioncomerciantesdepetrer.es\/wp-content\/uploads\/2019\/11\/elite-autoescuela-petrer-4-300x300.jpg 300w, https:\/\/asociacioncomerciantesdepetrer.es\/wp-content\/uploads\/2019\/11\/elite-autoescuela-petrer-4-768x768.jpg 768w, https:\/\/asociacioncomerciantesdepetrer.es\/wp-content\/uploads\/2019\/11\/elite-autoescuela-petrer-4-510x510.jpg 510w\" sizes=\"auto, (max-width: 960px) 100vw, 960px\" \/><\/p>\n<p style=\"text-align: center;\"><img loading=\"lazy\" decoding=\"async\" class=\"alignnone size-full wp-image-3253\" src=\"http:\/\/asociacioncomerciantesdepetrer.es\/wp-content\/uploads\/2019\/11\/elite-autoescuela-petrer-5.jpg\" alt=\"\" width=\"960\" height=\"960\" srcset=\"https:\/\/asociacioncomerciantesdepetrer.es\/wp-content\/uploads\/2019\/11\/elite-autoescuela-petrer-5.jpg 960w, https:\/\/asociacioncomerciantesdepetrer.es\/wp-content\/uploads\/2019\/11\/elite-autoescuela-petrer-5-150x150.jpg 150w, https:\/\/asociacioncomerciantesdepetrer.es\/wp-content\/uploads\/2019\/11\/elite-autoescuela-petrer-5-300x300.jpg 300w, https:\/\/asociacioncomerciantesdepetrer.es\/wp-content\/uploads\/2019\/11\/elite-autoescuela-petrer-5-768x768.jpg 768w, https:\/\/asociacioncomerciantesdepetrer.es\/wp-content\/uploads\/2019\/11\/elite-autoescuela-petrer-5-510x510.jpg 510w\" sizes=\"auto, (max-width: 960px) 100vw, 960px\" \/><\/p>\n<p><img loading=\"lazy\" decoding=\"async\" class=\"size-full wp-image-3255 aligncenter\" src=\"http:\/\/asociacioncomerciantesdepetrer.es\/wp-content\/uploads\/2019\/11\/elite-autoescuelas-petrer-2-1.jpg\" alt=\"\" width=\"960\" height=\"480\" srcset=\"https:\/\/asociacioncomerciantesdepetrer.es\/wp-content\/uploads\/2019\/11\/elite-autoescuelas-petrer-2-1.jpg 960w, https:\/\/asociacioncomerciantesdepetrer.es\/wp-content\/uploads\/2019\/11\/elite-autoescuelas-petrer-2-1-300x150.jpg 300w, https:\/\/asociacioncomerciantesdepetrer.es\/wp-content\/uploads\/2019\/11\/elite-autoescuelas-petrer-2-1-768x384.jpg 768w\" sizes=\"auto, (max-width: 960px) 100vw, 960px\" \/><\/p>\n<h3 style=\"text-align: center;\">Cursos intensivos t\u00e9oricos y pr\u00e1cticos<\/h3>\n<h3 style=\"text-align: center;\">Aprende a conducir disfrutando, \u00a1somos los m\u00e1s recomendados!<\/h3>\n<p style=\"text-align: center;\"><strong>Estamos en C\/ Bassa Perico, 10 03610 Petrer, Alicante<\/strong><\/p>\n<p style=\"text-align: center;\"><strong>Tlf 966 84 72 52 &#8211; <\/strong><a href=\"https:\/\/www.facebook.com\/Autoescuela-%C3%89lite-401265503289216\/\"><strong>S\u00edguenos en Facebook<\/strong><\/a><\/p>\n","protected":false},"excerpt":{"rendered":"<p>Centro de formaci\u00f3n vial Todos los carnets Cursos intensivos t\u00e9oricos y pr\u00e1cticos Aprende a conducir disfrutando, \u00a1somos los m\u00e1s recomendados! Estamos en C\/ Bassa Perico, 10 03610 Petrer, Alicante Tlf 966 84 72 52 &#8211; S\u00edguenos en Facebook<\/p>\n","protected":false},"author":2,"featured_media":3250,"parent":0,"menu_order":0,"comment_status":"closed","ping_status":"closed","template":"","meta":{"footnotes":""},"class_list":["post-3311","page","type-page","status-publish","has-post-thumbnail","czr-hentry"],"_links":{"self":[{"href":"https:\/\/asociacioncomerciantesdepetrer.es\/index.php\/wp-json\/wp\/v2\/pages\/3311","targetHints":{"allow":["GET"]}}],"collection":[{"href":"https:\/\/asociacioncomerciantesdepetrer.es\/index.php\/wp-json\/wp\/v2\/pages"}],"about":[{"href":"https:\/\/asociacioncomerciantesdepetrer.es\/index.php\/wp-json\/wp\/v2\/types\/page"}],"author":[{"embeddable":true,"href":"https:\/\/asociacioncomerciantesdepetrer.es\/index.php\/wp-json\/wp\/v2\/users\/2"}],"replies":[{"embeddable":true,"href":"https:\/\/asociacioncomerciantesdepetrer.es\/index.php\/wp-json\/wp\/v2\/comments?post=3311"}],"version-history":[{"count":2,"href":"https:\/\/asociacioncomerciantesdepetrer.es\/index.php\/wp-json\/wp\/v2\/pages\/3311\/revisions"}],"predecessor-version":[{"id":3323,"href":"https:\/\/asociacioncomerciantesdepetrer.es\/index.php\/wp-json\/wp\/v2\/pages\/3311\/revisions\/3323"}],"wp:featuredmedia":[{"embeddable":true,"href":"https:\/\/asociacioncomerciantesdepetrer.es\/index.php\/wp-json\/wp\/v2\/media\/3250"}],"wp:attachment":[{"href":"https:\/\/asociacioncomerciantesdepetrer.es\/index.php\/wp-json\/wp\/v2\/media?parent=3311"}],"curies":[{"name":"wp","href":"https:\/\/api.w.org\/{rel}","templated":true}]}}