{"id":3314,"date":"2019-11-10T18:21:55","date_gmt":"2019-11-10T18:21:55","guid":{"rendered":"http:\/\/asociacioncomerciantesdepetrer.es\/?page_id=3314"},"modified":"2019-11-10T18:21:56","modified_gmt":"2019-11-10T18:21:56","slug":"el-horno-de-ceres","status":"publish","type":"page","link":"https:\/\/asociacioncomerciantesdepetrer.es\/index.php\/el-horno-de-ceres\/","title":{"rendered":"El Horno de Ceres"},"content":{"rendered":"<p align=\"center\"><strong><span class=\"textexposedshow\">Amplia variedad de productos, todos artesanales<\/span><span class=\"textexposedshow\"><br \/>\n<\/span><\/strong><\/p>\n<p align=\"center\"><img loading=\"lazy\" decoding=\"async\" class=\"alignnone size-full wp-image-3246\" src=\"http:\/\/asociacioncomerciantesdepetrer.es\/wp-content\/uploads\/2019\/11\/horno-de-ceres-petrer-3.jpg\" alt=\"\" width=\"955\" height=\"520\" srcset=\"https:\/\/asociacioncomerciantesdepetrer.es\/wp-content\/uploads\/2019\/11\/horno-de-ceres-petrer-3.jpg 955w, https:\/\/asociacioncomerciantesdepetrer.es\/wp-content\/uploads\/2019\/11\/horno-de-ceres-petrer-3-300x163.jpg 300w, https:\/\/asociacioncomerciantesdepetrer.es\/wp-content\/uploads\/2019\/11\/horno-de-ceres-petrer-3-768x418.jpg 768w\" sizes=\"auto, (max-width: 955px) 100vw, 955px\" \/><\/p>\n<h3 align=\"center\">PANADER\u00cdA Y BOLLER\u00cdA DE ALTA CALIDAD<\/h3>\n<p align=\"center\"><strong><span class=\"textexposedshow\">Desde el croissant a las pastas de t\u00e9, de la barra de llanda al pan de espelta ecol\u00f3gico, del salado al dulce descubre una paleta de sabores<br \/>\n<\/span><\/strong><\/p>\n<p align=\"center\"><img loading=\"lazy\" decoding=\"async\" class=\"alignnone size-full wp-image-3244\" src=\"http:\/\/asociacioncomerciantesdepetrer.es\/wp-content\/uploads\/2019\/11\/horno-de-ceres-petrer.jpg\" alt=\"\" width=\"887\" height=\"546\" srcset=\"https:\/\/asociacioncomerciantesdepetrer.es\/wp-content\/uploads\/2019\/11\/horno-de-ceres-petrer.jpg 887w, https:\/\/asociacioncomerciantesdepetrer.es\/wp-content\/uploads\/2019\/11\/horno-de-ceres-petrer-300x185.jpg 300w, https:\/\/asociacioncomerciantesdepetrer.es\/wp-content\/uploads\/2019\/11\/horno-de-ceres-petrer-768x473.jpg 768w, https:\/\/asociacioncomerciantesdepetrer.es\/wp-content\/uploads\/2019\/11\/horno-de-ceres-petrer-570x350.jpg 570w\" sizes=\"auto, (max-width: 887px) 100vw, 887px\" \/><\/p>\n<p align=\"center\"><img loading=\"lazy\" decoding=\"async\" class=\"alignnone size-full wp-image-3247\" src=\"http:\/\/asociacioncomerciantesdepetrer.es\/wp-content\/uploads\/2019\/11\/horno-de-ceres-petrer-4.jpg\" alt=\"\" width=\"600\" height=\"450\" srcset=\"https:\/\/asociacioncomerciantesdepetrer.es\/wp-content\/uploads\/2019\/11\/horno-de-ceres-petrer-4.jpg 600w, https:\/\/asociacioncomerciantesdepetrer.es\/wp-content\/uploads\/2019\/11\/horno-de-ceres-petrer-4-300x225.jpg 300w\" sizes=\"auto, (max-width: 600px) 100vw, 600px\" \/><\/p>\n<p align=\"center\"><strong><span class=\"textexposedshow\">Estamos en C\/Virrey Poveda, n\u00ba 21 (03610  Petrer, Alicante)<br \/>\n<\/span><\/strong><\/p>\n<p align=\"center\"><strong><span class=\"textexposedshow\">Tlf: 966 95 52 41 \u2013<a href=\"https:\/\/el-horno-de-ceres.negocio.site\/?hl=es\"> Web <\/a><\/span><\/strong><\/p>\n<p align=\"center\"><strong>Horario: <\/strong><\/p>\n<p align=\"center\">De lunes a viernes: <span class=\"WF8WNe\">7:00\u201314:00, <\/span><span class=\"WF8WNe\">17:00\u201320:15<\/span><\/p>\n<p align=\"center\">S\u00e1bados: <span class=\"WF8WNe\">7:00\u201314:00  \/\/  Domingos: 9:00\u201314:00<\/span><\/p>\n<p align=\"center\"><img loading=\"lazy\" decoding=\"async\" class=\"alignnone size-full wp-image-3245\" src=\"http:\/\/asociacioncomerciantesdepetrer.es\/wp-content\/uploads\/2019\/11\/horno-de-ceres-petrer-2.jpg\" alt=\"\" width=\"948\" height=\"485\" srcset=\"https:\/\/asociacioncomerciantesdepetrer.es\/wp-content\/uploads\/2019\/11\/horno-de-ceres-petrer-2.jpg 948w, https:\/\/asociacioncomerciantesdepetrer.es\/wp-content\/uploads\/2019\/11\/horno-de-ceres-petrer-2-300x153.jpg 300w, https:\/\/asociacioncomerciantesdepetrer.es\/wp-content\/uploads\/2019\/11\/horno-de-ceres-petrer-2-768x393.jpg 768w\" sizes=\"auto, (max-width: 948px) 100vw, 948px\" \/><\/p>\n<p align=\"center\"><img loading=\"lazy\" decoding=\"async\" class=\"alignnone size-medium wp-image-3248\" src=\"http:\/\/asociacioncomerciantesdepetrer.es\/wp-content\/uploads\/2019\/11\/horno-de-ceres-petrer-8-200x300.jpg\" alt=\"\" width=\"200\" height=\"300\" srcset=\"https:\/\/asociacioncomerciantesdepetrer.es\/wp-content\/uploads\/2019\/11\/horno-de-ceres-petrer-8-200x300.jpg 200w, https:\/\/asociacioncomerciantesdepetrer.es\/wp-content\/uploads\/2019\/11\/horno-de-ceres-petrer-8.jpg 400w\" sizes=\"auto, (max-width: 200px) 100vw, 200px\" \/> <img loading=\"lazy\" decoding=\"async\" class=\"alignnone size-medium wp-image-3243\" src=\"http:\/\/asociacioncomerciantesdepetrer.es\/wp-content\/uploads\/2019\/11\/horno-de-ceres-petrer7-300x188.jpg\" alt=\"\" width=\"300\" height=\"188\" srcset=\"https:\/\/asociacioncomerciantesdepetrer.es\/wp-content\/uploads\/2019\/11\/horno-de-ceres-petrer7-300x188.jpg 300w, https:\/\/asociacioncomerciantesdepetrer.es\/wp-content\/uploads\/2019\/11\/horno-de-ceres-petrer7-768x480.jpg 768w, https:\/\/asociacioncomerciantesdepetrer.es\/wp-content\/uploads\/2019\/11\/horno-de-ceres-petrer7-1024x640.jpg 1024w, https:\/\/asociacioncomerciantesdepetrer.es\/wp-content\/uploads\/2019\/11\/horno-de-ceres-petrer7.jpg 1440w\" sizes=\"auto, (max-width: 300px) 100vw, 300px\" \/><\/p>\n","protected":false},"excerpt":{"rendered":"<p>Amplia variedad de productos, todos artesanales PANADER\u00cdA Y BOLLER\u00cdA DE ALTA CALIDAD Desde el croissant a las pastas de t\u00e9, de la barra de llanda al pan de espelta ecol\u00f3gico, del salado al dulce descubre una paleta de sabores Estamos en C\/Virrey Poveda, n\u00ba 21 (03610 Petrer, Alicante) Tlf: 966 95 52 41 \u2013 Web [&hellip;]<\/p>\n","protected":false},"author":2,"featured_media":3246,"parent":0,"menu_order":0,"comment_status":"closed","ping_status":"closed","template":"","meta":{"footnotes":""},"class_list":["post-3314","page","type-page","status-publish","has-post-thumbnail","czr-hentry"],"_links":{"self":[{"href":"https:\/\/asociacioncomerciantesdepetrer.es\/index.php\/wp-json\/wp\/v2\/pages\/3314","targetHints":{"allow":["GET"]}}],"collection":[{"href":"https:\/\/asociacioncomerciantesdepetrer.es\/index.php\/wp-json\/wp\/v2\/pages"}],"about":[{"href":"https:\/\/asociacioncomerciantesdepetrer.es\/index.php\/wp-json\/wp\/v2\/types\/page"}],"author":[{"embeddable":true,"href":"https:\/\/asociacioncomerciantesdepetrer.es\/index.php\/wp-json\/wp\/v2\/users\/2"}],"replies":[{"embeddable":true,"href":"https:\/\/asociacioncomerciantesdepetrer.es\/index.php\/wp-json\/wp\/v2\/comments?post=3314"}],"version-history":[{"count":1,"href":"https:\/\/asociacioncomerciantesdepetrer.es\/index.php\/wp-json\/wp\/v2\/pages\/3314\/revisions"}],"predecessor-version":[{"id":3316,"href":"https:\/\/asociacioncomerciantesdepetrer.es\/index.php\/wp-json\/wp\/v2\/pages\/3314\/revisions\/3316"}],"wp:featuredmedia":[{"embeddable":true,"href":"https:\/\/asociacioncomerciantesdepetrer.es\/index.php\/wp-json\/wp\/v2\/media\/3246"}],"wp:attachment":[{"href":"https:\/\/asociacioncomerciantesdepetrer.es\/index.php\/wp-json\/wp\/v2\/media?parent=3314"}],"curies":[{"name":"wp","href":"https:\/\/api.w.org\/{rel}","templated":true}]}}