{"id":750,"date":"2014-04-14T10:53:07","date_gmt":"2014-04-14T10:53:07","guid":{"rendered":"http:\/\/prueba.asociacioncomerciantesdepetrer.es\/?page_id=750"},"modified":"2020-01-20T11:37:34","modified_gmt":"2020-01-20T11:37:34","slug":"el-sotano","status":"publish","type":"page","link":"https:\/\/asociacioncomerciantesdepetrer.es\/index.php\/el-sotano\/","title":{"rendered":"El Sotano"},"content":{"rendered":"<h3 style=\"text-align: center;\">Cosas para ti, cosas para \u00e9l&#8230;cosas para tu hogar<\/h3>\n<div><img loading=\"lazy\" decoding=\"async\" class=\"alignnone size-full wp-image-3427\" src=\"http:\/\/asociacioncomerciantesdepetrer.es\/wp-content\/uploads\/2020\/01\/sotano-1.jpg\" alt=\"\" width=\"960\" height=\"720\" srcset=\"https:\/\/asociacioncomerciantesdepetrer.es\/wp-content\/uploads\/2020\/01\/sotano-1.jpg 960w, https:\/\/asociacioncomerciantesdepetrer.es\/wp-content\/uploads\/2020\/01\/sotano-1-300x225.jpg 300w, https:\/\/asociacioncomerciantesdepetrer.es\/wp-content\/uploads\/2020\/01\/sotano-1-768x576.jpg 768w\" sizes=\"auto, (max-width: 960px) 100vw, 960px\" \/><\/div>\n<div><\/div>\n<h2 class=\"_4bl9 _5m_o\" style=\"text-align: center;\"><strong>Tienda de lencer\u00eda y ropa interior y de art\u00edculos para el hogar<\/strong><\/h2>\n<h4 style=\"text-align: center;\">Estamos desde 1997 ofreci\u00e9ndote lo mejor en<\/h4>\n<h4 style=\"text-align: center;\">Homewear, underwear, dresshome<\/h4>\n<p><img loading=\"lazy\" decoding=\"async\" class=\"alignnone size-medium wp-image-3426 aligncenter\" src=\"http:\/\/asociacioncomerciantesdepetrer.es\/wp-content\/uploads\/2020\/01\/sotano-2-300x300.jpg\" alt=\"\" width=\"300\" height=\"300\" srcset=\"https:\/\/asociacioncomerciantesdepetrer.es\/wp-content\/uploads\/2020\/01\/sotano-2-300x300.jpg 300w, https:\/\/asociacioncomerciantesdepetrer.es\/wp-content\/uploads\/2020\/01\/sotano-2-150x150.jpg 150w, https:\/\/asociacioncomerciantesdepetrer.es\/wp-content\/uploads\/2020\/01\/sotano-2-768x768.jpg 768w, https:\/\/asociacioncomerciantesdepetrer.es\/wp-content\/uploads\/2020\/01\/sotano-2-510x510.jpg 510w, https:\/\/asociacioncomerciantesdepetrer.es\/wp-content\/uploads\/2020\/01\/sotano-2.jpg 960w\" sizes=\"auto, (max-width: 300px) 100vw, 300px\" \/> <img loading=\"lazy\" decoding=\"async\" class=\"alignnone size-medium wp-image-3425 aligncenter\" src=\"http:\/\/asociacioncomerciantesdepetrer.es\/wp-content\/uploads\/2020\/01\/sotano-3-300x300.jpg\" alt=\"\" width=\"300\" height=\"300\" srcset=\"https:\/\/asociacioncomerciantesdepetrer.es\/wp-content\/uploads\/2020\/01\/sotano-3-300x300.jpg 300w, https:\/\/asociacioncomerciantesdepetrer.es\/wp-content\/uploads\/2020\/01\/sotano-3-150x150.jpg 150w, https:\/\/asociacioncomerciantesdepetrer.es\/wp-content\/uploads\/2020\/01\/sotano-3-768x768.jpg 768w, https:\/\/asociacioncomerciantesdepetrer.es\/wp-content\/uploads\/2020\/01\/sotano-3-510x510.jpg 510w, https:\/\/asociacioncomerciantesdepetrer.es\/wp-content\/uploads\/2020\/01\/sotano-3.jpg 960w\" sizes=\"auto, (max-width: 300px) 100vw, 300px\" \/><\/p>\n<p style=\"text-align: center;\"><em>Massana, Pompea, Evelyn, Playtex, Avet, Set, Glory, Keat, Bassols, Nicoleta, Basseti, Manterol, Omsa, etc.<\/em><\/p>\n<p style=\"text-align: center;\"><strong>Estamos en C\/ Leopoldo Pardines, N\u00ba 14 (Petrer, Alicante)<\/strong><\/p>\n<p style=\"text-align: center;\"><strong><a href=\"https:\/\/www.facebook.com\/elsotanoden\/\"> Facebook<\/a> &#8211; Tlf: 965 37 06 26<\/strong><\/p>\n<p><small>Ver <a style=\"color: #0000ff; text-align: left;\" href=\"http:\/\/maps.google.es\/maps\/ms?msa=0&amp;msid=210805952194766788181.0004ba09b2bfecf9a98ac&amp;hl=es&amp;ie=UTF8&amp;ll=38.47774,-0.77895&amp;spn=0.023087,0.016595&amp;t=m&amp;iwloc=0004bb591ce487e9d98fd&amp;source=embed\">Mapa de asociados<\/a> en un mapa m\u00e1s grande<\/small><\/p>\n","protected":false},"excerpt":{"rendered":"<p>Cosas para ti, cosas para \u00e9l&#8230;cosas para tu hogar Tienda de lencer\u00eda y ropa interior y de art\u00edculos para el hogar Estamos desde 1997 ofreci\u00e9ndote lo mejor en Homewear, underwear, dresshome Massana, Pompea, Evelyn, Playtex, Avet, Set, Glory, Keat, Bassols, Nicoleta, Basseti, Manterol, Omsa, etc. Estamos en C\/ Leopoldo Pardines, N\u00ba 14 (Petrer, Alicante) Facebook [&hellip;]<\/p>\n","protected":false},"author":2,"featured_media":747,"parent":0,"menu_order":128,"comment_status":"closed","ping_status":"closed","template":"","meta":{"footnotes":""},"class_list":["post-750","page","type-page","status-publish","has-post-thumbnail","czr-hentry"],"_links":{"self":[{"href":"https:\/\/asociacioncomerciantesdepetrer.es\/index.php\/wp-json\/wp\/v2\/pages\/750","targetHints":{"allow":["GET"]}}],"collection":[{"href":"https:\/\/asociacioncomerciantesdepetrer.es\/index.php\/wp-json\/wp\/v2\/pages"}],"about":[{"href":"https:\/\/asociacioncomerciantesdepetrer.es\/index.php\/wp-json\/wp\/v2\/types\/page"}],"author":[{"embeddable":true,"href":"https:\/\/asociacioncomerciantesdepetrer.es\/index.php\/wp-json\/wp\/v2\/users\/2"}],"replies":[{"embeddable":true,"href":"https:\/\/asociacioncomerciantesdepetrer.es\/index.php\/wp-json\/wp\/v2\/comments?post=750"}],"version-history":[{"count":3,"href":"https:\/\/asociacioncomerciantesdepetrer.es\/index.php\/wp-json\/wp\/v2\/pages\/750\/revisions"}],"predecessor-version":[{"id":3430,"href":"https:\/\/asociacioncomerciantesdepetrer.es\/index.php\/wp-json\/wp\/v2\/pages\/750\/revisions\/3430"}],"wp:featuredmedia":[{"embeddable":true,"href":"https:\/\/asociacioncomerciantesdepetrer.es\/index.php\/wp-json\/wp\/v2\/media\/747"}],"wp:attachment":[{"href":"https:\/\/asociacioncomerciantesdepetrer.es\/index.php\/wp-json\/wp\/v2\/media?parent=750"}],"curies":[{"name":"wp","href":"https:\/\/api.w.org\/{rel}","templated":true}]}}