{"id":784,"date":"2014-04-14T10:56:21","date_gmt":"2014-04-14T10:56:21","guid":{"rendered":"http:\/\/prueba.asociacioncomerciantesdepetrer.es\/?page_id=784"},"modified":"2021-11-24T11:49:02","modified_gmt":"2021-11-24T11:49:02","slug":"el-artesano-zapateria","status":"publish","type":"page","link":"https:\/\/asociacioncomerciantesdepetrer.es\/index.php\/el-artesano-zapateria\/","title":{"rendered":"El Artesano Zapater\u00eda"},"content":{"rendered":"<div class=\"wp-block-column\">\n<p class=\"has-text-align-justify has-foreground-dark-color has-text-color\"><strong><img loading=\"lazy\" decoding=\"async\" class=\"alignnone size-full wp-image-3637\" src=\"http:\/\/asociacioncomerciantesdepetrer.es\/wp-content\/uploads\/2021\/11\/zapatetria-el-artesano-petrer.jpg\" alt=\"\" width=\"1427\" height=\"966\" srcset=\"https:\/\/asociacioncomerciantesdepetrer.es\/wp-content\/uploads\/2021\/11\/zapatetria-el-artesano-petrer.jpg 1427w, https:\/\/asociacioncomerciantesdepetrer.es\/wp-content\/uploads\/2021\/11\/zapatetria-el-artesano-petrer-300x203.jpg 300w, https:\/\/asociacioncomerciantesdepetrer.es\/wp-content\/uploads\/2021\/11\/zapatetria-el-artesano-petrer-1024x693.jpg 1024w, https:\/\/asociacioncomerciantesdepetrer.es\/wp-content\/uploads\/2021\/11\/zapatetria-el-artesano-petrer-768x520.jpg 768w\" sizes=\"auto, (max-width: 1427px) 100vw, 1427px\" \/>Venta de calzado de se\u00f1ora y caballero y complementos<\/strong>, <strong>as\u00ed como art\u00edculos para la limpieza y mantenimiento del calzado<\/strong><\/p>\n<p class=\"has-text-align-justify has-foreground-dark-color has-text-color\">Tenemos zapatos de ancho especial con plantillas anat\u00f3micas para el descanso de sus pies.<\/p>\n<p class=\"has-text-align-justify has-foreground-dark-color has-text-color\">Zapatos y complementos para fiesta con posibilidad de hacerlo personalizado (puede usted elegir el color o la altura de tac\u00f3n, etc.)<\/p>\n<\/div>\n<p class=\"has-foreground-dark-color has-text-color\">Cinturones para vestir y de sport de se\u00f1ora y caballero, tambi\u00e9n tenemos tallas especiales.<\/p>\n<p class=\"has-foreground-dark-color has-text-color\">Tenemos todo tipo carteras de se\u00f1ora y caballero, bolsos y carteras de mano para fiesta.<\/p>\n<p class=\"has-foreground-dark-color has-text-color\"><strong>Plantillas Anat\u00f3micas y<\/strong> <strong>personalizadas \u2014 Zapatos de dise\u00f1o exclusivo trabajados en cualquier tipo de material \u2014<\/strong><strong>Zapatos hechos a mano de cualquier tipo y a la medida especialmente para solucionar<\/strong> <strong>cualquier problema en su pie<\/strong> \u2014 <strong>Reparaci\u00f3n de toda clase zapatos, botas, bolsos, mochilas y copia de llaves<\/strong><\/p>\n<p><img loading=\"lazy\" decoding=\"async\" class=\"alignnone size-full wp-image-3636\" src=\"http:\/\/asociacioncomerciantesdepetrer.es\/wp-content\/uploads\/2021\/11\/el-artesano-zapateria-petrer-zapatos.jpg\" alt=\"\" width=\"602\" height=\"982\" srcset=\"https:\/\/asociacioncomerciantesdepetrer.es\/wp-content\/uploads\/2021\/11\/el-artesano-zapateria-petrer-zapatos.jpg 602w, https:\/\/asociacioncomerciantesdepetrer.es\/wp-content\/uploads\/2021\/11\/el-artesano-zapateria-petrer-zapatos-184x300.jpg 184w\" sizes=\"auto, (max-width: 602px) 100vw, 602px\" \/><\/p>\n<p>Estamos en C\/ Camino Viejo de Elda, N\u00ba35.<\/p>\n<p><small>Ver <a style=\"color: #0000ff; text-align: left;\" href=\"http:\/\/maps.google.es\/maps\/ms?msa=0&amp;msid=210805952194766788181.0004ba09b2bfecf9a98ac&amp;hl=es&amp;ie=UTF8&amp;ll=38.47774,-0.779886&amp;spn=0.023087,0.014723&amp;t=m&amp;iwloc=0004bb322a6498c0b0597&amp;source=embed\">Mapa de asociados<\/a> en un mapa m\u00e1s grande<\/small><\/p>\n","protected":false},"excerpt":{"rendered":"<p>Venta de calzado de se\u00f1ora y caballero y complementos, as\u00ed como art\u00edculos para la limpieza y mantenimiento del calzado Tenemos zapatos de ancho especial con plantillas anat\u00f3micas para el descanso de sus pies. Zapatos y complementos para fiesta con posibilidad de hacerlo personalizado (puede usted elegir el color o la altura de tac\u00f3n, etc.) Cinturones [&hellip;]<\/p>\n","protected":false},"author":2,"featured_media":3637,"parent":0,"menu_order":119,"comment_status":"closed","ping_status":"closed","template":"","meta":{"footnotes":""},"class_list":["post-784","page","type-page","status-publish","has-post-thumbnail","czr-hentry"],"_links":{"self":[{"href":"https:\/\/asociacioncomerciantesdepetrer.es\/index.php\/wp-json\/wp\/v2\/pages\/784","targetHints":{"allow":["GET"]}}],"collection":[{"href":"https:\/\/asociacioncomerciantesdepetrer.es\/index.php\/wp-json\/wp\/v2\/pages"}],"about":[{"href":"https:\/\/asociacioncomerciantesdepetrer.es\/index.php\/wp-json\/wp\/v2\/types\/page"}],"author":[{"embeddable":true,"href":"https:\/\/asociacioncomerciantesdepetrer.es\/index.php\/wp-json\/wp\/v2\/users\/2"}],"replies":[{"embeddable":true,"href":"https:\/\/asociacioncomerciantesdepetrer.es\/index.php\/wp-json\/wp\/v2\/comments?post=784"}],"version-history":[{"count":1,"href":"https:\/\/asociacioncomerciantesdepetrer.es\/index.php\/wp-json\/wp\/v2\/pages\/784\/revisions"}],"predecessor-version":[{"id":3638,"href":"https:\/\/asociacioncomerciantesdepetrer.es\/index.php\/wp-json\/wp\/v2\/pages\/784\/revisions\/3638"}],"wp:featuredmedia":[{"embeddable":true,"href":"https:\/\/asociacioncomerciantesdepetrer.es\/index.php\/wp-json\/wp\/v2\/media\/3637"}],"wp:attachment":[{"href":"https:\/\/asociacioncomerciantesdepetrer.es\/index.php\/wp-json\/wp\/v2\/media?parent=784"}],"curies":[{"name":"wp","href":"https:\/\/api.w.org\/{rel}","templated":true}]}}