{"id":988,"date":"2014-04-14T11:43:49","date_gmt":"2014-04-14T11:43:49","guid":{"rendered":"http:\/\/prueba.asociacioncomerciantesdepetrer.es\/?page_id=988"},"modified":"2019-11-10T18:41:58","modified_gmt":"2019-11-10T18:41:58","slug":"medicina-y-salud","status":"publish","type":"page","link":"https:\/\/asociacioncomerciantesdepetrer.es\/index.php\/medicina-y-salud\/","title":{"rendered":"MEDICINA Y SALUD"},"content":{"rendered":"<h1 style=\"text-align: center;\"><a href=\"http:\/\/asociacioncomerciantesdepetrer.es\/?page_id=826\"><span style=\"line-height: 1.3em;\">\u00a0CARLOS COVES &#8211; FARMACIA<\/span><\/a><\/h1>\n<h1 style=\"text-align: center;\"><a href=\"http:\/\/asociacioncomerciantesdepetrer.es\/?page_id=780\">EL CAMPET &#8211; CL\u00cdNICA DENTAL<\/a><\/h1>\n<h1 style=\"text-align: center;\"><a href=\"http:\/\/asociacioncomerciantesdepetrer.es\/?page_id=764\">EL MERCADO &#8211; FARMACIA<\/a><\/h1>\n<h1 style=\"text-align: center;\"><a href=\"http:\/\/asociacioncomerciantesdepetrer.es\/?page_id=658\">JACOBO &#8211; POLICL\u00cdNICA DENTAL<\/a><\/h1>\n<h1 style=\"text-align: center;\"><a href=\"http:\/\/asociacioncomerciantesdepetrer.es\/?page_id=1528\">MALLEBRERA CL\u00cdNICA DENTAL<\/a><\/h1>\n<h1 style=\"text-align: center;\"><a href=\"http:\/\/asociacioncomerciantesdepetrer.es\/?page_id=565\">MEDEA &#8211; FISIOTERAPIA Y REHABILITACI\u00d3N<\/a><\/h1>\n<h1 style=\"text-align: center;\"><a href=\"http:\/\/asociacioncomerciantesdepetrer.es\/index.php\/psicologa-magdi-iborra\/\">PSIC\u00d3LOGA MAGDI IBORRA<\/a><\/h1>\n<h1 style=\"text-align: center;\"><a href=\"http:\/\/asociacioncomerciantesdepetrer.es\/?page_id=92\">RAFAELA VIDAL &#8211; FARMACIA<\/a><\/h1>\n","protected":false},"excerpt":{"rendered":"<p>\u00a0CARLOS COVES &#8211; FARMACIA EL CAMPET &#8211; CL\u00cdNICA DENTAL EL MERCADO &#8211; FARMACIA JACOBO &#8211; POLICL\u00cdNICA DENTAL MALLEBRERA CL\u00cdNICA DENTAL MEDEA &#8211; FISIOTERAPIA Y REHABILITACI\u00d3N PSIC\u00d3LOGA MAGDI IBORRA RAFAELA VIDAL &#8211; FARMACIA<\/p>\n","protected":false},"author":2,"featured_media":0,"parent":0,"menu_order":12,"comment_status":"closed","ping_status":"closed","template":"","meta":{"footnotes":""},"class_list":["post-988","page","type-page","status-publish","czr-hentry"],"_links":{"self":[{"href":"https:\/\/asociacioncomerciantesdepetrer.es\/index.php\/wp-json\/wp\/v2\/pages\/988","targetHints":{"allow":["GET"]}}],"collection":[{"href":"https:\/\/asociacioncomerciantesdepetrer.es\/index.php\/wp-json\/wp\/v2\/pages"}],"about":[{"href":"https:\/\/asociacioncomerciantesdepetrer.es\/index.php\/wp-json\/wp\/v2\/types\/page"}],"author":[{"embeddable":true,"href":"https:\/\/asociacioncomerciantesdepetrer.es\/index.php\/wp-json\/wp\/v2\/users\/2"}],"replies":[{"embeddable":true,"href":"https:\/\/asociacioncomerciantesdepetrer.es\/index.php\/wp-json\/wp\/v2\/comments?post=988"}],"version-history":[{"count":1,"href":"https:\/\/asociacioncomerciantesdepetrer.es\/index.php\/wp-json\/wp\/v2\/pages\/988\/revisions"}],"predecessor-version":[{"id":3321,"href":"https:\/\/asociacioncomerciantesdepetrer.es\/index.php\/wp-json\/wp\/v2\/pages\/988\/revisions\/3321"}],"wp:attachment":[{"href":"https:\/\/asociacioncomerciantesdepetrer.es\/index.php\/wp-json\/wp\/v2\/media?parent=988"}],"curies":[{"name":"wp","href":"https:\/\/api.w.org\/{rel}","templated":true}]}}