{"id":998,"date":"2014-04-14T11:48:11","date_gmt":"2014-04-14T11:48:11","guid":{"rendered":"http:\/\/prueba.asociacioncomerciantesdepetrer.es\/?page_id=998"},"modified":"2022-04-28T09:51:05","modified_gmt":"2022-04-28T09:51:05","slug":"varios","status":"publish","type":"page","link":"https:\/\/asociacioncomerciantesdepetrer.es\/index.php\/varios\/","title":{"rendered":"VARIOS"},"content":{"rendered":"<h1 style=\"text-align: center;\"><\/h1>\n<h1 style=\"text-align: center;\"><a href=\"http:\/\/asociacioncomerciantesdepetrer.es\/index.php\/administracion-de-loteria-la-frontera\/\">ADMINISTRACI\u00d3N DE LOTER\u00cdAS LA FRONTERA<\/a><\/h1>\n<h1 style=\"text-align: center;\"><a href=\"http:\/\/asociacioncomerciantesdepetrer.es\/index.php\/administracion-de-loterias-el-cid\/\">ADMINISTRACI\u00d3N DE LOTER\u00cdAS EL CID<\/a><\/h1>\n<h1 style=\"text-align: center;\"><a href=\"http:\/\/asociacioncomerciantesdepetrer.es\/?page_id=52\">ADMINISTRACI\u00d3N DE LOTER\u00cdAS VINALOP\u00d3<\/a><\/h1>\n<h1 style=\"text-align: center;\"><a href=\"http:\/\/asociacioncomerciantesdepetrer.es\/?page_id=183\">ADORNOS MET\u00c1LICOS &#8211; ADOSTYLO<\/a><\/h1>\n<h1 style=\"text-align: center;\"><a href=\"http:\/\/asociacioncomerciantesdepetrer.es\/?page_id=1415\">BROZAL &#8211; F\u00c1BRICA BOLSOS<\/a><\/h1>\n<h1 style=\"text-align: center;\"><a href=\"http:\/\/asociacioncomerciantesdepetrer.es\/?page_id=1323\">CALZADOS SICO &#8211; COMERCIAL DE CALZADO<\/a><\/h1>\n<h1 style=\"text-align: center;\"><a href=\"http:\/\/asociacioncomerciantesdepetrer.es\/?page_id=1100\">ARTICULOS CALZADO I\u00d1EST &amp; PER<\/a><\/h1>\n<h1 style=\"text-align: center;\"><a href=\"http:\/\/asociacioncomerciantesdepetrer.es\/?page_id=1400\">CHAPAS Y DECORACI\u00d3N TUVENCA<\/a><\/h1>\n<h1 style=\"text-align: center;\"><a href=\"http:\/\/asociacioncomerciantesdepetrer.es\/?page_id=1215\">COMPRA-VENTA DE PELETERIA ABELARDO<\/a><\/h1>\n<h1 style=\"text-align: center;\"><a href=\"http:\/\/asociacioncomerciantesdepetrer.es\/?page_id=1101\">COMUNICACI\u00d3N DIGITAL PETRERALDIA<\/a><\/h1>\n<h1 style=\"text-align: center;\"><a href=\"http:\/\/asociacioncomerciantesdepetrer.es\/?page_id=1466\">CURTIDOS BEGO &#8211; VENTA ART. CALZADO<\/a><\/h1>\n<h1 style=\"text-align: center;\"><a href=\"http:\/\/asociacioncomerciantesdepetrer.es\/?page_id=650\">ELECTR\u00d3NICA-VENTA Y REP. JOSE LUIS<\/a><\/h1>\n<h1 style=\"text-align: center;\"><a href=\"http:\/\/asociacioncomerciantesdepetrer.es\/?page_id=1148\">FABRICACI\u00d3N &#8211; AUGE ZAPATOS<\/a><\/h1>\n<h1 style=\"text-align: center;\"><a href=\"http:\/\/asociacioncomerciantesdepetrer.es\/?page_id=1261\">GR\u00daAS Y MAQUINARIA PETREL<\/a><\/h1>\n<h1 style=\"text-align: center;\"><a href=\"http:\/\/asociacioncomerciantesdepetrer.es\/?page_id=1471\">IMPRESI\u00d3N Y ROTULACI\u00d3N &#8211; PUBLIBY<\/a><\/h1>\n<h1 style=\"text-align: center;\"><a href=\"http:\/\/asociacioncomerciantesdepetrer.es\/index.php\/fincamar-inmobiliaria\/\">INMOBILIARIA FINCAMAR<\/a><\/h1>\n<h1 style=\"text-align: center;\"><a href=\"http:\/\/asociacioncomerciantesdepetrer.es\/?page_id=16\">SONORAMA MUSICAL &#8211; POLARGEST<\/a><\/h1>\n<h1 style=\"text-align: center;\"><a href=\"http:\/\/asociacioncomerciantesdepetrer.es\/?page_id=359\">JUGUETTOS HIJOS GERMAN CASTROVIEJO<\/a><\/h1>\n<h1 style=\"text-align: center;\"><a href=\"http:\/\/asociacioncomerciantesdepetrer.es\/?page_id=611\">LUMINOSOS LUMI<\/a><\/h1>\n<h1 style=\"text-align: center;\"><a href=\"http:\/\/asociacioncomerciantesdepetrer.es\/?page_id=898\">MAQUINAR\u00cdA \u00a0&#8211; ANTONIO CASTILLO MA\u00d1AS<\/a><\/h1>\n<h1 style=\"text-align: center;\"><a href=\"http:\/\/asociacioncomerciantesdepetrer.es\/?page_id=1393\">MOMA INGENIER\u00cdA Y CONSULTOR\u00cdA<\/a><\/h1>\n<h1 style=\"text-align: center;\"><a href=\"http:\/\/asociacioncomerciantesdepetrer.es\/?page_id=1417\">REPARTO MERCANC\u00cdAS &#8211; SATURNINO<\/a><\/h1>\n<h1 style=\"text-align: center;\"><a href=\"http:\/\/asociacioncomerciantesdepetrer.es\/?page_id=220\">ROTULOS Y LUMINOSOS ROTURAMA<\/a><\/h1>\n<h1 style=\"text-align: center;\"><a href=\"http:\/\/asociacioncomerciantesdepetrer.es\/?page_id=428\">TINTORER\u00cdA CLAT<\/a><\/h1>\n<h1 style=\"text-align: center;\"><a href=\"http:\/\/asociacioncomerciantesdepetrer.es\/?page_id=1329\">TRANSPORTES TRANS SEMOA<\/a><\/h1>\n<h1 style=\"text-align: center;\"><a href=\"http:\/\/asociacioncomerciantesdepetrer.es\/?page_id=1397\">TURISMO RURAL &#8211; SILVOTURISMO MEDITERR\u00c1NEO<\/a><\/h1>\n","protected":false},"excerpt":{"rendered":"<p>ADMINISTRACI\u00d3N DE LOTER\u00cdAS LA FRONTERA ADMINISTRACI\u00d3N DE LOTER\u00cdAS EL CID ADMINISTRACI\u00d3N DE LOTER\u00cdAS VINALOP\u00d3 ADORNOS MET\u00c1LICOS &#8211; ADOSTYLO BROZAL &#8211; F\u00c1BRICA BOLSOS CALZADOS SICO &#8211; COMERCIAL DE CALZADO ARTICULOS CALZADO I\u00d1EST &amp; PER CHAPAS Y DECORACI\u00d3N TUVENCA COMPRA-VENTA DE PELETERIA ABELARDO COMUNICACI\u00d3N DIGITAL PETRERALDIA CURTIDOS BEGO &#8211; VENTA ART. CALZADO ELECTR\u00d3NICA-VENTA Y REP. JOSE LUIS [&hellip;]<\/p>\n","protected":false},"author":2,"featured_media":0,"parent":0,"menu_order":4,"comment_status":"closed","ping_status":"closed","template":"","meta":{"footnotes":""},"class_list":["post-998","page","type-page","status-publish","czr-hentry"],"_links":{"self":[{"href":"https:\/\/asociacioncomerciantesdepetrer.es\/index.php\/wp-json\/wp\/v2\/pages\/998","targetHints":{"allow":["GET"]}}],"collection":[{"href":"https:\/\/asociacioncomerciantesdepetrer.es\/index.php\/wp-json\/wp\/v2\/pages"}],"about":[{"href":"https:\/\/asociacioncomerciantesdepetrer.es\/index.php\/wp-json\/wp\/v2\/types\/page"}],"author":[{"embeddable":true,"href":"https:\/\/asociacioncomerciantesdepetrer.es\/index.php\/wp-json\/wp\/v2\/users\/2"}],"replies":[{"embeddable":true,"href":"https:\/\/asociacioncomerciantesdepetrer.es\/index.php\/wp-json\/wp\/v2\/comments?post=998"}],"version-history":[{"count":6,"href":"https:\/\/asociacioncomerciantesdepetrer.es\/index.php\/wp-json\/wp\/v2\/pages\/998\/revisions"}],"predecessor-version":[{"id":3764,"href":"https:\/\/asociacioncomerciantesdepetrer.es\/index.php\/wp-json\/wp\/v2\/pages\/998\/revisions\/3764"}],"wp:attachment":[{"href":"https:\/\/asociacioncomerciantesdepetrer.es\/index.php\/wp-json\/wp\/v2\/media?parent=998"}],"curies":[{"name":"wp","href":"https:\/\/api.w.org\/{rel}","templated":true}]}}